{"id":1849,"date":"2022-11-15T18:34:10","date_gmt":"2022-11-15T18:34:10","guid":{"rendered":"https:\/\/yeguasyescaleras.cl\/?post_type=product&#038;p=1849"},"modified":"2024-01-03T20:05:28","modified_gmt":"2024-01-03T20:05:28","slug":"escalera-tipo-avion-de-2-5-mts","status":"publish","type":"product","link":"https:\/\/yeguasyescaleras.cl\/index.php\/producto\/escalera-tipo-avion-de-2-5-mts\/","title":{"rendered":"Escalera tipo avi\u00f3n de 2.5 mts"},"content":{"rendered":"<p>Escalera tipo avi\u00f3n de 2.5 mts a la base o plataforma.<\/p>\n<p>Fabricada en tubo de acero 1\u2033x 2 mm de espesor.<\/p>\n<ul>\n<li><strong>Alto total (hasta la baranda):<\/strong> 3,40 mt<\/li>\n<li><strong>Alto hasta la plataforma\/base:<\/strong> 2,50 mt<\/li>\n<li><strong>Largo:<\/strong> 2,25 mt<\/li>\n<li><strong>Ancho delantero:<\/strong> 70 cm<\/li>\n<li><strong>Ancho trasero:<\/strong> 1,05 mt<\/li>\n<li><strong>Dimensi\u00f3n base:<\/strong> 65\u00d765 cm<\/li>\n<li><strong>Dimensi\u00f3n baranda de seguridad:<\/strong> 90cm<\/li>\n<li><em><strong>Cantidad de pelda\u00f1os:<\/strong><\/em> 9 pelda\u00f1os antideslizantes de 65\u00d717,5 cm. M\u00e1s una plataforma.<\/li>\n<li><em><strong>Ruedas:<\/strong><\/em>\n<ul>\n<li>2 ruedas traseras fijas 5\u2033<\/li>\n<li>2 ruedas delanteras giratorias con freno 5\u2033<\/li>\n<\/ul>\n<\/li>\n<li><em><strong>Pintura:<\/strong><\/em> gris aluminio (posibilidad de otros colores)<\/li>\n<\/ul>\n","protected":false},"excerpt":{"rendered":"<p>Escalera tipo avi\u00f3n de 2.5 mts a la base o plataforma. Fabricada en tubo de acero 1\u2033x 2 mm de espesor. Alto total (hasta la baranda): 3,40 mt Alto hasta la plataforma\/base: 2,50 mt Largo: 2,25 mt Ancho delantero: 70 cm Ancho trasero: 1,05 mt Dimensi\u00f3n base: 65\u00d765 cm Dimensi\u00f3n baranda de seguridad: 90cm Cantidad [&hellip;]<\/p>\n","protected":false},"featured_media":2184,"comment_status":"closed","ping_status":"closed","template":"","meta":{"_monsterinsights_skip_tracking":false,"_monsterinsights_sitenote_active":false,"_monsterinsights_sitenote_note":"","_monsterinsights_sitenote_category":0},"product_brand":[],"product_cat":[140],"product_tag":[],"class_list":{"0":"post-1849","1":"product","2":"type-product","3":"status-publish","4":"has-post-thumbnail","6":"product_cat-escaleras-tipo-avion","8":"first","9":"instock","10":"taxable","11":"shipping-taxable","12":"product-type-simple"},"_links":{"self":[{"href":"https:\/\/yeguasyescaleras.cl\/index.php\/wp-json\/wp\/v2\/product\/1849","targetHints":{"allow":["GET"]}}],"collection":[{"href":"https:\/\/yeguasyescaleras.cl\/index.php\/wp-json\/wp\/v2\/product"}],"about":[{"href":"https:\/\/yeguasyescaleras.cl\/index.php\/wp-json\/wp\/v2\/types\/product"}],"replies":[{"embeddable":true,"href":"https:\/\/yeguasyescaleras.cl\/index.php\/wp-json\/wp\/v2\/comments?post=1849"}],"version-history":[{"count":3,"href":"https:\/\/yeguasyescaleras.cl\/index.php\/wp-json\/wp\/v2\/product\/1849\/revisions"}],"predecessor-version":[{"id":2188,"href":"https:\/\/yeguasyescaleras.cl\/index.php\/wp-json\/wp\/v2\/product\/1849\/revisions\/2188"}],"wp:featuredmedia":[{"embeddable":true,"href":"https:\/\/yeguasyescaleras.cl\/index.php\/wp-json\/wp\/v2\/media\/2184"}],"wp:attachment":[{"href":"https:\/\/yeguasyescaleras.cl\/index.php\/wp-json\/wp\/v2\/media?parent=1849"}],"wp:term":[{"taxonomy":"product_brand","embeddable":true,"href":"https:\/\/yeguasyescaleras.cl\/index.php\/wp-json\/wp\/v2\/product_brand?post=1849"},{"taxonomy":"product_cat","embeddable":true,"href":"https:\/\/yeguasyescaleras.cl\/index.php\/wp-json\/wp\/v2\/product_cat?post=1849"},{"taxonomy":"product_tag","embeddable":true,"href":"https:\/\/yeguasyescaleras.cl\/index.php\/wp-json\/wp\/v2\/product_tag?post=1849"}],"curies":[{"name":"wp","href":"https:\/\/api.w.org\/{rel}","templated":true}]}}